{"id":277,"date":"2019-11-14T12:08:39","date_gmt":"2019-11-14T11:08:39","guid":{"rendered":"http:\/\/cerclefltr.com\/?page_id=277"},"modified":"2026-03-31T12:50:57","modified_gmt":"2026-03-31T10:50:57","slug":"k-fet","status":"publish","type":"page","link":"https:\/\/cerclefltr.com\/index.php\/k-fet\/","title":{"rendered":"K-Fet"},"content":{"rendered":"\t\t<div data-elementor-type=\"wp-page\" data-elementor-id=\"277\" class=\"elementor elementor-277\">\n\t\t\t\t\t\t<section class=\"elementor-section elementor-top-section elementor-element elementor-element-5ff43f85 elementor-section-content-middle elementor-section-boxed elementor-section-height-default elementor-section-height-default\" data-id=\"5ff43f85\" data-element_type=\"section\" data-e-type=\"section\" data-settings=\"{&quot;background_background&quot;:&quot;classic&quot;}\">\n\t\t\t\t\t\t<div class=\"elementor-container elementor-column-gap-default\">\n\t\t\t\t\t<div class=\"elementor-column elementor-col-50 elementor-top-column elementor-element elementor-element-45c1b7d\" data-id=\"45c1b7d\" data-element_type=\"column\" data-e-type=\"column\">\n\t\t\t<div class=\"elementor-widget-wrap elementor-element-populated\">\n\t\t\t\t\t\t<div class=\"elementor-element elementor-element-5ae6ef0 elementor-widget elementor-widget-image\" data-id=\"5ae6ef0\" data-element_type=\"widget\" data-e-type=\"widget\" data-widget_type=\"image.default\">\n\t\t\t\t<div class=\"elementor-widget-container\">\n\t\t\t\t\t\t\t\t\t\t\t\t\t\t\t<img decoding=\"async\" width=\"150\" height=\"150\" src=\"https:\/\/cerclefltr.com\/wp-content\/uploads\/2019\/11\/21641452_10213801329657784_510575168_n-150x150.png\" class=\"attachment-thumbnail size-thumbnail wp-image-262\" alt=\"\" srcset=\"https:\/\/cerclefltr.com\/wp-content\/uploads\/2019\/11\/21641452_10213801329657784_510575168_n-150x150.png 150w, https:\/\/cerclefltr.com\/wp-content\/uploads\/2019\/11\/21641452_10213801329657784_510575168_n-298x300.png 298w, https:\/\/cerclefltr.com\/wp-content\/uploads\/2019\/11\/21641452_10213801329657784_510575168_n-768x774.png 768w, https:\/\/cerclefltr.com\/wp-content\/uploads\/2019\/11\/21641452_10213801329657784_510575168_n.png 926w\" sizes=\"(max-width: 150px) 100vw, 150px\" \/>\t\t\t\t\t\t\t\t\t\t\t\t\t\t\t<\/div>\n\t\t\t\t<\/div>\n\t\t\t\t\t<\/div>\n\t\t<\/div>\n\t\t\t\t<div class=\"elementor-column elementor-col-50 elementor-top-column elementor-element elementor-element-2307497b\" data-id=\"2307497b\" data-element_type=\"column\" data-e-type=\"column\">\n\t\t\t<div class=\"elementor-widget-wrap elementor-element-populated\">\n\t\t\t\t\t\t<div class=\"elementor-element elementor-element-c058b90 elementor-widget elementor-widget-heading\" data-id=\"c058b90\" data-element_type=\"widget\" data-e-type=\"widget\" data-widget_type=\"heading.default\">\n\t\t\t\t<div class=\"elementor-widget-container\">\n\t\t\t\t\t<h2 class=\"elementor-heading-title elementor-size-xxl\">K-FET<\/h2>\t\t\t\t<\/div>\n\t\t\t\t<\/div>\n\t\t\t\t\t<\/div>\n\t\t<\/div>\n\t\t\t\t\t<\/div>\n\t\t<\/section>\n\t\t\t\t<section class=\"elementor-section elementor-top-section elementor-element elementor-element-6c58f6fc elementor-section-content-middle elementor-section-boxed elementor-section-height-default elementor-section-height-default\" data-id=\"6c58f6fc\" data-element_type=\"section\" data-e-type=\"section\" data-settings=\"{&quot;background_background&quot;:&quot;gradient&quot;,&quot;shape_divider_top&quot;:&quot;triangle-asymmetrical&quot;,&quot;shape_divider_bottom&quot;:&quot;curve&quot;}\">\n\t\t\t\t\t<div class=\"elementor-shape elementor-shape-top\" aria-hidden=\"true\" data-negative=\"false\">\n\t\t\t<svg xmlns=\"http:\/\/www.w3.org\/2000\/svg\" viewBox=\"0 0 1000 100\" preserveAspectRatio=\"none\">\n\t<path class=\"elementor-shape-fill\" d=\"M738,99l262-93V0H0v5.6L738,99z\"\/>\n<\/svg>\t\t<\/div>\n\t\t\t\t<div class=\"elementor-shape elementor-shape-bottom\" aria-hidden=\"true\" data-negative=\"false\">\n\t\t\t<svg xmlns=\"http:\/\/www.w3.org\/2000\/svg\" viewBox=\"0 0 1000 100\" preserveAspectRatio=\"none\">\n    <path class=\"elementor-shape-fill\" d=\"M1000,4.3V0H0v4.3C0.9,23.1,126.7,99.2,500,100S1000,22.7,1000,4.3z\"\/>\n<\/svg>\t\t<\/div>\n\t\t\t\t\t<div class=\"elementor-container elementor-column-gap-default\">\n\t\t\t\t\t<div class=\"elementor-column elementor-col-50 elementor-top-column elementor-element elementor-element-493aef2b\" data-id=\"493aef2b\" data-element_type=\"column\" data-e-type=\"column\" data-settings=\"{&quot;background_background&quot;:&quot;none&quot;}\">\n\t\t\t<div class=\"elementor-widget-wrap elementor-element-populated\">\n\t\t\t\t\t\t<div class=\"elementor-element elementor-element-8cb4d98 elementor-widget elementor-widget-image\" data-id=\"8cb4d98\" data-element_type=\"widget\" data-e-type=\"widget\" data-widget_type=\"image.default\">\n\t\t\t\t<div class=\"elementor-widget-container\">\n\t\t\t\t\t\t\t\t\t\t\t\t\t\t\t<img fetchpriority=\"high\" decoding=\"async\" width=\"672\" height=\"1024\" src=\"https:\/\/cerclefltr.com\/wp-content\/uploads\/2026\/03\/Bouffon-kfet-2-672x1024.jpg\" class=\"attachment-large size-large wp-image-2058\" alt=\"\" srcset=\"https:\/\/cerclefltr.com\/wp-content\/uploads\/2026\/03\/Bouffon-kfet-2-672x1024.jpg 672w, https:\/\/cerclefltr.com\/wp-content\/uploads\/2026\/03\/Bouffon-kfet-2-197x300.jpg 197w, https:\/\/cerclefltr.com\/wp-content\/uploads\/2026\/03\/Bouffon-kfet-2-768x1170.jpg 768w, https:\/\/cerclefltr.com\/wp-content\/uploads\/2026\/03\/Bouffon-kfet-2-1009x1536.jpg 1009w, https:\/\/cerclefltr.com\/wp-content\/uploads\/2026\/03\/Bouffon-kfet-2.jpg 1090w\" sizes=\"(max-width: 672px) 100vw, 672px\" \/>\t\t\t\t\t\t\t\t\t\t\t\t\t\t\t<\/div>\n\t\t\t\t<\/div>\n\t\t\t\t\t<\/div>\n\t\t<\/div>\n\t\t\t\t<div class=\"elementor-column elementor-col-50 elementor-top-column elementor-element elementor-element-4cb1905e\" data-id=\"4cb1905e\" data-element_type=\"column\" data-e-type=\"column\">\n\t\t\t<div class=\"elementor-widget-wrap elementor-element-populated\">\n\t\t\t\t\t\t<div class=\"elementor-element elementor-element-6f5aeebe elementor-widget elementor-widget-image\" data-id=\"6f5aeebe\" data-element_type=\"widget\" data-e-type=\"widget\" data-widget_type=\"image.default\">\n\t\t\t\t<div class=\"elementor-widget-container\">\n\t\t\t\t\t\t\t\t\t\t\t\t\t\t\t<img decoding=\"async\" width=\"800\" height=\"1200\" src=\"https:\/\/cerclefltr.com\/wp-content\/uploads\/2020\/03\/Lagerfeld.png\" class=\"attachment-full size-full wp-image-751\" alt=\"\" srcset=\"https:\/\/cerclefltr.com\/wp-content\/uploads\/2020\/03\/Lagerfeld.png 800w, https:\/\/cerclefltr.com\/wp-content\/uploads\/2020\/03\/Lagerfeld-200x300.png 200w, https:\/\/cerclefltr.com\/wp-content\/uploads\/2020\/03\/Lagerfeld-683x1024.png 683w, https:\/\/cerclefltr.com\/wp-content\/uploads\/2020\/03\/Lagerfeld-768x1152.png 768w\" sizes=\"(max-width: 800px) 100vw, 800px\" \/>\t\t\t\t\t\t\t\t\t\t\t\t\t\t\t<\/div>\n\t\t\t\t<\/div>\n\t\t\t\t\t<\/div>\n\t\t<\/div>\n\t\t\t\t\t<\/div>\n\t\t<\/section>\n\t\t\t\t<section class=\"elementor-section elementor-top-section elementor-element elementor-element-491abbb3 elementor-section-boxed elementor-section-height-default elementor-section-height-default\" data-id=\"491abbb3\" data-element_type=\"section\" data-e-type=\"section\" data-settings=\"{&quot;background_background&quot;:&quot;classic&quot;}\">\n\t\t\t\t\t\t<div class=\"elementor-container elementor-column-gap-default\">\n\t\t\t\t\t<div class=\"elementor-column elementor-col-100 elementor-top-column elementor-element elementor-element-23d2b05c\" data-id=\"23d2b05c\" data-element_type=\"column\" data-e-type=\"column\">\n\t\t\t<div class=\"elementor-widget-wrap elementor-element-populated\">\n\t\t\t\t\t\t<div class=\"elementor-element elementor-element-3d7a1aed elementor-widget elementor-widget-heading\" data-id=\"3d7a1aed\" data-element_type=\"widget\" data-e-type=\"widget\" data-widget_type=\"heading.default\">\n\t\t\t\t<div class=\"elementor-widget-container\">\n\t\t\t\t\t<h3 class=\"elementor-heading-title elementor-size-default\">Notre carte<\/h3>\t\t\t\t<\/div>\n\t\t\t\t<\/div>\n\t\t\t\t\t<\/div>\n\t\t<\/div>\n\t\t\t\t\t<\/div>\n\t\t<\/section>\n\t\t\t\t<section class=\"elementor-section elementor-top-section elementor-element elementor-element-9063a42 elementor-section-boxed elementor-section-height-default elementor-section-height-default\" data-id=\"9063a42\" data-element_type=\"section\" data-e-type=\"section\">\n\t\t\t\t\t\t<div class=\"elementor-container elementor-column-gap-default\">\n\t\t\t\t\t<div class=\"elementor-column elementor-col-50 elementor-top-column elementor-element elementor-element-766e228\" data-id=\"766e228\" data-element_type=\"column\" data-e-type=\"column\" data-settings=\"{&quot;background_background&quot;:&quot;classic&quot;}\">\n\t\t\t<div class=\"elementor-widget-wrap elementor-element-populated\">\n\t\t\t\t\t\t<div class=\"elementor-element elementor-element-a9591f8 elementor-widget elementor-widget-image\" data-id=\"a9591f8\" data-element_type=\"widget\" data-e-type=\"widget\" data-widget_type=\"image.default\">\n\t\t\t\t<div class=\"elementor-widget-container\">\n\t\t\t\t\t\t\t\t\t\t\t\t\t\t\t<img loading=\"lazy\" decoding=\"async\" width=\"724\" height=\"1024\" src=\"https:\/\/cerclefltr.com\/wp-content\/uploads\/2026\/03\/Cartes-KFET-2025-2026-images-0-724x1024.jpg\" class=\"attachment-large size-large wp-image-2054\" alt=\"\" srcset=\"https:\/\/cerclefltr.com\/wp-content\/uploads\/2026\/03\/Cartes-KFET-2025-2026-images-0-724x1024.jpg 724w, https:\/\/cerclefltr.com\/wp-content\/uploads\/2026\/03\/Cartes-KFET-2025-2026-images-0-212x300.jpg 212w, https:\/\/cerclefltr.com\/wp-content\/uploads\/2026\/03\/Cartes-KFET-2025-2026-images-0-768x1086.jpg 768w, https:\/\/cerclefltr.com\/wp-content\/uploads\/2026\/03\/Cartes-KFET-2025-2026-images-0-1086x1536.jpg 1086w, https:\/\/cerclefltr.com\/wp-content\/uploads\/2026\/03\/Cartes-KFET-2025-2026-images-0-1448x2048.jpg 1448w, https:\/\/cerclefltr.com\/wp-content\/uploads\/2026\/03\/Cartes-KFET-2025-2026-images-0-scaled.jpg 1810w\" sizes=\"(max-width: 724px) 100vw, 724px\" \/>\t\t\t\t\t\t\t\t\t\t\t\t\t\t\t<\/div>\n\t\t\t\t<\/div>\n\t\t\t\t\t<\/div>\n\t\t<\/div>\n\t\t\t\t<div class=\"elementor-column elementor-col-50 elementor-top-column elementor-element elementor-element-c271041\" data-id=\"c271041\" data-element_type=\"column\" data-e-type=\"column\" data-settings=\"{&quot;background_background&quot;:&quot;classic&quot;}\">\n\t\t\t<div class=\"elementor-widget-wrap elementor-element-populated\">\n\t\t\t\t\t\t<div class=\"elementor-element elementor-element-39cdadb elementor-widget elementor-widget-image\" data-id=\"39cdadb\" data-element_type=\"widget\" data-e-type=\"widget\" data-widget_type=\"image.default\">\n\t\t\t\t<div class=\"elementor-widget-container\">\n\t\t\t\t\t\t\t\t\t\t\t\t\t\t\t<img loading=\"lazy\" decoding=\"async\" width=\"724\" height=\"1024\" src=\"https:\/\/cerclefltr.com\/wp-content\/uploads\/2026\/03\/Cartes-KFET-2025-2026-images-1-724x1024.jpg\" class=\"attachment-large size-large wp-image-2053\" alt=\"\" srcset=\"https:\/\/cerclefltr.com\/wp-content\/uploads\/2026\/03\/Cartes-KFET-2025-2026-images-1-724x1024.jpg 724w, https:\/\/cerclefltr.com\/wp-content\/uploads\/2026\/03\/Cartes-KFET-2025-2026-images-1-212x300.jpg 212w, https:\/\/cerclefltr.com\/wp-content\/uploads\/2026\/03\/Cartes-KFET-2025-2026-images-1-768x1086.jpg 768w, https:\/\/cerclefltr.com\/wp-content\/uploads\/2026\/03\/Cartes-KFET-2025-2026-images-1-1086x1536.jpg 1086w, https:\/\/cerclefltr.com\/wp-content\/uploads\/2026\/03\/Cartes-KFET-2025-2026-images-1-1448x2048.jpg 1448w, https:\/\/cerclefltr.com\/wp-content\/uploads\/2026\/03\/Cartes-KFET-2025-2026-images-1-scaled.jpg 1810w\" sizes=\"(max-width: 724px) 100vw, 724px\" \/>\t\t\t\t\t\t\t\t\t\t\t\t\t\t\t<\/div>\n\t\t\t\t<\/div>\n\t\t\t\t\t<\/div>\n\t\t<\/div>\n\t\t\t\t\t<\/div>\n\t\t<\/section>\n\t\t\t\t<section class=\"elementor-section elementor-top-section elementor-element elementor-element-6069cf4 elementor-section-boxed elementor-section-height-default elementor-section-height-default\" data-id=\"6069cf4\" data-element_type=\"section\" data-e-type=\"section\">\n\t\t\t\t\t\t<div class=\"elementor-container elementor-column-gap-default\">\n\t\t\t\t\t<div class=\"elementor-column elementor-col-100 elementor-top-column elementor-element elementor-element-1835d9e\" data-id=\"1835d9e\" data-element_type=\"column\" data-e-type=\"column\" data-settings=\"{&quot;background_background&quot;:&quot;classic&quot;}\">\n\t\t\t<div class=\"elementor-widget-wrap elementor-element-populated\">\n\t\t\t\t\t\t<div class=\"elementor-element elementor-element-cabc868 elementor-widget elementor-widget-heading\" data-id=\"cabc868\" data-element_type=\"widget\" data-e-type=\"widget\" data-widget_type=\"heading.default\">\n\t\t\t\t<div class=\"elementor-widget-container\">\n\t\t\t\t\t<h3 class=\"elementor-heading-title elementor-size-default\">Nos nouveaut\u00e9s<\/h3>\t\t\t\t<\/div>\n\t\t\t\t<\/div>\n\t\t\t\t\t<\/div>\n\t\t<\/div>\n\t\t\t\t\t<\/div>\n\t\t<\/section>\n\t\t\t\t<section class=\"elementor-section elementor-top-section elementor-element elementor-element-07593b5 elementor-section-boxed elementor-section-height-default elementor-section-height-default\" data-id=\"07593b5\" data-element_type=\"section\" data-e-type=\"section\">\n\t\t\t\t\t\t<div class=\"elementor-container elementor-column-gap-default\">\n\t\t\t\t\t<div class=\"elementor-column elementor-col-50 elementor-top-column elementor-element elementor-element-81250ab\" data-id=\"81250ab\" data-element_type=\"column\" data-e-type=\"column\" data-settings=\"{&quot;background_background&quot;:&quot;classic&quot;}\">\n\t\t\t<div class=\"elementor-widget-wrap elementor-element-populated\">\n\t\t\t\t\t\t<div class=\"elementor-element elementor-element-21e6b7e elementor-widget elementor-widget-image\" data-id=\"21e6b7e\" data-element_type=\"widget\" data-e-type=\"widget\" data-widget_type=\"image.default\">\n\t\t\t\t<div class=\"elementor-widget-container\">\n\t\t\t\t\t\t\t\t\t\t\t\t\t\t\t<img loading=\"lazy\" decoding=\"async\" width=\"724\" height=\"1024\" src=\"https:\/\/cerclefltr.com\/wp-content\/uploads\/2026\/03\/Nouveau-sandwich-724x1024.jpg\" class=\"attachment-large size-large wp-image-2055\" alt=\"\" srcset=\"https:\/\/cerclefltr.com\/wp-content\/uploads\/2026\/03\/Nouveau-sandwich-724x1024.jpg 724w, https:\/\/cerclefltr.com\/wp-content\/uploads\/2026\/03\/Nouveau-sandwich-212x300.jpg 212w, https:\/\/cerclefltr.com\/wp-content\/uploads\/2026\/03\/Nouveau-sandwich-768x1086.jpg 768w, https:\/\/cerclefltr.com\/wp-content\/uploads\/2026\/03\/Nouveau-sandwich-1086x1536.jpg 1086w, https:\/\/cerclefltr.com\/wp-content\/uploads\/2026\/03\/Nouveau-sandwich.jpg 1414w\" sizes=\"(max-width: 724px) 100vw, 724px\" \/>\t\t\t\t\t\t\t\t\t\t\t\t\t\t\t<\/div>\n\t\t\t\t<\/div>\n\t\t\t\t\t<\/div>\n\t\t<\/div>\n\t\t\t\t<div class=\"elementor-column elementor-col-50 elementor-top-column elementor-element elementor-element-df6dabd\" data-id=\"df6dabd\" data-element_type=\"column\" data-e-type=\"column\" data-settings=\"{&quot;background_background&quot;:&quot;classic&quot;}\">\n\t\t\t<div class=\"elementor-widget-wrap elementor-element-populated\">\n\t\t\t\t\t\t<div class=\"elementor-element elementor-element-1a59a0e elementor-widget elementor-widget-image\" data-id=\"1a59a0e\" data-element_type=\"widget\" data-e-type=\"widget\" data-widget_type=\"image.default\">\n\t\t\t\t<div class=\"elementor-widget-container\">\n\t\t\t\t\t\t\t\t\t\t\t\t\t\t\t<img loading=\"lazy\" decoding=\"async\" width=\"724\" height=\"1024\" src=\"https:\/\/cerclefltr.com\/wp-content\/uploads\/2026\/03\/a88bf69c-9ef1-43ba-aae8-81376185253c-724x1024.jpg\" class=\"attachment-large size-large wp-image-2056\" alt=\"\" srcset=\"https:\/\/cerclefltr.com\/wp-content\/uploads\/2026\/03\/a88bf69c-9ef1-43ba-aae8-81376185253c-724x1024.jpg 724w, https:\/\/cerclefltr.com\/wp-content\/uploads\/2026\/03\/a88bf69c-9ef1-43ba-aae8-81376185253c-212x300.jpg 212w, https:\/\/cerclefltr.com\/wp-content\/uploads\/2026\/03\/a88bf69c-9ef1-43ba-aae8-81376185253c-768x1086.jpg 768w, https:\/\/cerclefltr.com\/wp-content\/uploads\/2026\/03\/a88bf69c-9ef1-43ba-aae8-81376185253c-1086x1536.jpg 1086w, https:\/\/cerclefltr.com\/wp-content\/uploads\/2026\/03\/a88bf69c-9ef1-43ba-aae8-81376185253c.jpg 1447w\" sizes=\"(max-width: 724px) 100vw, 724px\" \/>\t\t\t\t\t\t\t\t\t\t\t\t\t\t\t<\/div>\n\t\t\t\t<\/div>\n\t\t\t\t\t<\/div>\n\t\t<\/div>\n\t\t\t\t\t<\/div>\n\t\t<\/section>\n\t\t\t\t<section class=\"elementor-section elementor-top-section elementor-element elementor-element-30006f27 elementor-section-boxed elementor-section-height-default elementor-section-height-default\" data-id=\"30006f27\" data-element_type=\"section\" data-e-type=\"section\" data-settings=\"{&quot;background_background&quot;:&quot;classic&quot;}\">\n\t\t\t\t\t\t<div class=\"elementor-container elementor-column-gap-default\">\n\t\t\t\t\t<div class=\"elementor-column elementor-col-100 elementor-top-column elementor-element elementor-element-156ebfc1\" data-id=\"156ebfc1\" data-element_type=\"column\" data-e-type=\"column\" data-settings=\"{&quot;background_background&quot;:&quot;classic&quot;}\">\n\t\t\t<div class=\"elementor-widget-wrap elementor-element-populated\">\n\t\t\t\t\t\t<div class=\"elementor-element elementor-element-1050e14 elementor-widget elementor-widget-text-editor\" data-id=\"1050e14\" data-element_type=\"widget\" data-e-type=\"widget\" data-widget_type=\"text-editor.default\">\n\t\t\t\t<div class=\"elementor-widget-container\">\n\t\t\t\t\t\t\t\t\t<p>La KFET Philo et Lettres est pr\u00eate \u00e0 ouvrir ses portes et vous accueillir tous ; \u00e9tudiants ou non, de la facult\u00e9 ou non !<\/p><p><b>Premi\u00e8re ann\u00e9e \u00e0 UCL ?\u00a0 On vous explique tout !<\/b><\/p><p>Notre KFET vous propose un endroit convivial pour passer vos pauses de midi en papotant avec vos amis autour d&rsquo;un sandwich \u00e0 partir de 2\u20ac ! Nous proposons aussi des snacks, des softs et du caf\u00e9 \/ th\u00e9 !<\/p><p>Vous pourrez d\u00e9couvrir r\u00e9guli\u00e8rement un nouveau sandwich pour satisfaire tous les go\u00fbts ! Sur notre page Facebook vous pourrez \u00e9galement participer \u00e0 des concours pour tenter de remporter un sandwich gratuit, ou nous parler de toutes vos propositions de sandwich !<\/p>\t\t\t\t\t\t\t\t<\/div>\n\t\t\t\t<\/div>\n\t\t\t\t<div class=\"elementor-element elementor-element-fa2c0b5 elementor-shape-circle e-grid-align-tablet-center e-grid-align-mobile-center elementor-grid-0 e-grid-align-center elementor-widget elementor-widget-social-icons\" data-id=\"fa2c0b5\" data-element_type=\"widget\" data-e-type=\"widget\" data-widget_type=\"social-icons.default\">\n\t\t\t\t<div class=\"elementor-widget-container\">\n\t\t\t\t\t\t\t<div class=\"elementor-social-icons-wrapper elementor-grid\">\n\t\t\t\t\t\t\t<span class=\"elementor-grid-item\">\n\t\t\t\t\t<a class=\"elementor-icon elementor-social-icon elementor-social-icon-facebook-f elementor-animation-shrink elementor-repeater-item-1q7inly\" href=\"https:\/\/www.facebook.com\/cafetphiloetlettres\/\" target=\"_blank\" rel=\"noopener\">\n\t\t\t\t\t\t<span class=\"elementor-screen-only\">Facebook-f<\/span>\n\t\t\t\t\t\t<i aria-hidden=\"true\" class=\"fab fa-facebook-f\"><\/i>\t\t\t\t\t<\/a>\n\t\t\t\t<\/span>\n\t\t\t\t\t<\/div>\n\t\t\t\t\t\t<\/div>\n\t\t\t\t<\/div>\n\t\t\t\t<div class=\"elementor-element elementor-element-7f7760a elementor-widget elementor-widget-text-editor\" data-id=\"7f7760a\" data-element_type=\"widget\" data-e-type=\"widget\" data-widget_type=\"text-editor.default\">\n\t\t\t\t<div class=\"elementor-widget-container\">\n\t\t\t\t\t\t\t\t\t<p><span style=\"font-size: 18px; letter-spacing: 0px;\">Alors n\u2019h\u00e9sitez pas \u00e0 venir prendre votre sandwich au ERAS 51 entre 12h et 14h, et n\u2019oubliez pas de demander votre carte de fid\u00e9lit\u00e9 ! Une fois compl\u00e8te, vous recevrez un sandwich gratuit !<\/span><\/p>\t\t\t\t\t\t\t\t<\/div>\n\t\t\t\t<\/div>\n\t\t\t\t<div class=\"elementor-element elementor-element-096da05 elementor-widget elementor-widget-heading\" data-id=\"096da05\" data-element_type=\"widget\" data-e-type=\"widget\" data-widget_type=\"heading.default\">\n\t\t\t\t<div class=\"elementor-widget-container\">\n\t\t\t\t\t<h6 class=\"elementor-heading-title elementor-size-default\">Venez nous retrouver!<\/h6>\t\t\t\t<\/div>\n\t\t\t\t<\/div>\n\t\t\t\t<div class=\"elementor-element elementor-element-9945a6e elementor-widget elementor-widget-google_maps\" data-id=\"9945a6e\" data-element_type=\"widget\" data-e-type=\"widget\" data-widget_type=\"google_maps.default\">\n\t\t\t\t<div class=\"elementor-widget-container\">\n\t\t\t\t\t\t\t<div class=\"elementor-custom-embed\">\n\t\t\t<iframe loading=\"lazy\"\n\t\t\t\t\tsrc=\"https:\/\/maps.google.com\/maps?q=Rue%20Cardinal%20Mercier%2C%20Louvain-la-Neuve&#038;t=m&#038;z=17&#038;output=embed&#038;iwloc=near\"\n\t\t\t\t\ttitle=\"Rue Cardinal Mercier, Louvain-la-Neuve\"\n\t\t\t\t\taria-label=\"Rue Cardinal Mercier, Louvain-la-Neuve\"\n\t\t\t><\/iframe>\n\t\t<\/div>\n\t\t\t\t\t\t<\/div>\n\t\t\t\t<\/div>\n\t\t\t\t\t<\/div>\n\t\t<\/div>\n\t\t\t\t\t<\/div>\n\t\t<\/section>\n\t\t\t\t<\/div>\n\t\t","protected":false},"excerpt":{"rendered":"<p>K-FET Notre carte Nos nouveaut\u00e9s La KFET Philo et Lettres est pr\u00eate \u00e0 ouvrir ses portes et vous accueillir tous ; \u00e9tudiants ou non, de la facult\u00e9 ou non ! Premi\u00e8re ann\u00e9e \u00e0 UCL ?\u00a0 On vous explique tout ! Notre KFET vous propose un endroit convivial pour passer vos pauses de midi en papotant [&hellip;]<\/p>\n","protected":false},"author":1,"featured_media":0,"parent":0,"menu_order":0,"comment_status":"closed","ping_status":"closed","template":"","meta":{"ocean_post_layout":"","ocean_both_sidebars_style":"","ocean_both_sidebars_content_width":0,"ocean_both_sidebars_sidebars_width":0,"ocean_sidebar":"0","ocean_second_sidebar":"0","ocean_disable_margins":"enable","ocean_add_body_class":"","ocean_shortcode_before_top_bar":"","ocean_shortcode_after_top_bar":"","ocean_shortcode_before_header":"","ocean_shortcode_after_header":"","ocean_has_shortcode":"","ocean_shortcode_after_title":"","ocean_shortcode_before_footer_widgets":"","ocean_shortcode_after_footer_widgets":"","ocean_shortcode_before_footer_bottom":"","ocean_shortcode_after_footer_bottom":"","ocean_display_top_bar":"default","ocean_display_header":"default","ocean_header_style":"","ocean_center_header_left_menu":"0","ocean_custom_header_template":"0","ocean_custom_logo":0,"ocean_custom_retina_logo":0,"ocean_custom_logo_max_width":0,"ocean_custom_logo_tablet_max_width":0,"ocean_custom_logo_mobile_max_width":0,"ocean_custom_logo_max_height":0,"ocean_custom_logo_tablet_max_height":0,"ocean_custom_logo_mobile_max_height":0,"ocean_header_custom_menu":"0","ocean_menu_typo_font_family":"0","ocean_menu_typo_font_subset":"","ocean_menu_typo_font_size":0,"ocean_menu_typo_font_size_tablet":0,"ocean_menu_typo_font_size_mobile":0,"ocean_menu_typo_font_size_unit":"px","ocean_menu_typo_font_weight":"","ocean_menu_typo_font_weight_tablet":"","ocean_menu_typo_font_weight_mobile":"","ocean_menu_typo_transform":"","ocean_menu_typo_transform_tablet":"","ocean_menu_typo_transform_mobile":"","ocean_menu_typo_line_height":0,"ocean_menu_typo_line_height_tablet":0,"ocean_menu_typo_line_height_mobile":0,"ocean_menu_typo_line_height_unit":"","ocean_menu_typo_spacing":0,"ocean_menu_typo_spacing_tablet":0,"ocean_menu_typo_spacing_mobile":0,"ocean_menu_typo_spacing_unit":"","ocean_menu_link_color":"","ocean_menu_link_color_hover":"","ocean_menu_link_color_active":"","ocean_menu_link_background":"","ocean_menu_link_hover_background":"","ocean_menu_link_active_background":"","ocean_menu_social_links_bg":"","ocean_menu_social_hover_links_bg":"","ocean_menu_social_links_color":"","ocean_menu_social_hover_links_color":"","ocean_disable_title":"default","ocean_disable_heading":"default","ocean_post_title":"","ocean_post_subheading":"","ocean_post_title_style":"","ocean_post_title_background_color":"","ocean_post_title_background":0,"ocean_post_title_bg_image_position":"","ocean_post_title_bg_image_attachment":"","ocean_post_title_bg_image_repeat":"","ocean_post_title_bg_image_size":"","ocean_post_title_height":0,"ocean_post_title_bg_overlay":0.5,"ocean_post_title_bg_overlay_color":"","ocean_disable_breadcrumbs":"default","ocean_breadcrumbs_color":"","ocean_breadcrumbs_separator_color":"","ocean_breadcrumbs_links_color":"","ocean_breadcrumbs_links_hover_color":"","ocean_display_footer_widgets":"default","ocean_display_footer_bottom":"default","ocean_custom_footer_template":"0","footnotes":""},"class_list":["post-277","page","type-page","status-publish","hentry","entry"],"_links":{"self":[{"href":"https:\/\/cerclefltr.com\/index.php\/wp-json\/wp\/v2\/pages\/277","targetHints":{"allow":["GET"]}}],"collection":[{"href":"https:\/\/cerclefltr.com\/index.php\/wp-json\/wp\/v2\/pages"}],"about":[{"href":"https:\/\/cerclefltr.com\/index.php\/wp-json\/wp\/v2\/types\/page"}],"author":[{"embeddable":true,"href":"https:\/\/cerclefltr.com\/index.php\/wp-json\/wp\/v2\/users\/1"}],"replies":[{"embeddable":true,"href":"https:\/\/cerclefltr.com\/index.php\/wp-json\/wp\/v2\/comments?post=277"}],"version-history":[{"count":19,"href":"https:\/\/cerclefltr.com\/index.php\/wp-json\/wp\/v2\/pages\/277\/revisions"}],"predecessor-version":[{"id":2061,"href":"https:\/\/cerclefltr.com\/index.php\/wp-json\/wp\/v2\/pages\/277\/revisions\/2061"}],"wp:attachment":[{"href":"https:\/\/cerclefltr.com\/index.php\/wp-json\/wp\/v2\/media?parent=277"}],"curies":[{"name":"wp","href":"https:\/\/api.w.org\/{rel}","templated":true}]}}